122 + (-57 - -54) - (182 - 172)?
108
Evaluate 23 + -2 + (-184 - -170) - -22.
29
What is -30 - ((-47 - -23) + 11 + -1)?
-16
What is the value of (29 + -8 - -43) + 45?
109
What is 2725 - 2676 - (-1 - 0 - (2 - (2 - -4)))?
46
108 + -50 + 4 + -2 + 13 + -9
64
Calculate -11 + (26 - (31 - 23)) + (109 - 0).
116
Evaluate -54 - ((16 - 13) + 10 + -14 - 10).
-43
6 + -84 + (609 + -612 - (-2 - (7 + -2)))
-74
Calculate -9 + (-38 + 54 - 13) + -29.
-35
Calculate -1 + -5 - (18 + -10 - 1 - -1 - 38).
24
(-22 - (-35 - -11)) + (3 - 18) + 66
53
Evaluate 8 - ((-11 - (-7 - -6)) + 10 - 6) - 8.
6
Evaluate 62 - ((19 - 4) + 53 + -54).
48
Evaluate 63 + -65 + -3 + 62.
57
What is the value of 110 + (20 - 2) + (-15 - -17) + -13?
117
(-13 - (-15 - 7)) + -23 + -4 + 3
-15
2 - (1 - 4) - (-26 + 26 + -33)
38
What is the value of -5 + 22 + (-18 - (-13 - -8) - 3 - -7)?
8
What is the value of (-2 + 4 - 6) + (7 + -100 - -139)?
42
What is -9 + (-20 + 25 - 16)?
-20
What is (19 - (-46 + 10)) + -63?
-8
What is -2 - (5 + -6) - -45 - (29 + -24)?
39
Evaluate (-48 - (58 - 51)) + 10.
-45
-22 - (-27 - -24) - -27 - 26
-18
(1 + -1 - (-473 - -485)) + 20
8
What is (1 - 23) + 1261 + -1184?
55
Calculate 14 + 0 + (1 - 3) - (-1497 - -1514).
-5
What is the value of 504 + -547 + (4 + -6 + 4 - (7 - -2))?
-50
-8 + 16 + 1 + 112 + -9 - 11
101
Calculate 14218 - 14190 - (1 - 2 - 1 - -17).
13
What is the value of -3 + (2 - (59 - 1)) + -1102 + 1097?
-64
74 - (7 + (-1 - 12) + 27 + -26)
79
Calculate 112 + 0 + -1669 + 1695 - 27.
111
What is -6 - 25 - (-4 + -35)?
8
What is 11 - (-13 - (12 - 9)) - 121?
-94
What is -84 + 54 + (1 - 5 - -6 - (3 - 6))?
-25
Evaluate (-141 - -198) + -13 + (2 - 2) + 3.
47
-7 - (20 + -42 + (38 - 0))
-23
Calculate -23 + 32 + (-2 - -2).
9
-2 - (8 + 3 + 4 - (-10 - -12))
-15
Evaluate 5 - (32 + (-1 - 15)) - (-148 + -3).
140
What is 114 - 1 - (-1709 + 1757)?
65
Evaluate -27 - -22 - ((-1 - -1 - 7) + (92 - 119)).
29
Calculate 1 + 4 - ((29 - (-19 + 49)) + (-57 - 1)).
64
Evaluate 19 + 1 + (-1 - (100 - 114)).
33
What is the value of -27 + (-672 - -676) + 27 + 1?
5
What is the value of 29 + (6 - (-20 + 77))?
-22
What is the value of 4 - 3 - ((12 - -2) + (-9 - -18 - -36))?
-58
Calculate 9 - -45 - (-39 + 11 + 27).
55
Evaluate (-76 - -189) + -37 - 22.
54
What is (-20 - (1 + -1)) + -285 + (259 - -31)?
-15
What is the value of (-877 - -901) + (1 - 0) + -7 + 2?
20
Calculate 71 - ((-175 - -200) + (-3 + -4 - -6)).
47
Calculate 33 - (57 - -4) - (0 - -26).
-54
64 - (-17 + (-13 - -51))
43
What is 163 + -28 + -11 - 72?
52
What is (-141 + 14 - -102) + -6?
-31
What is the value of -7 + (36 - (53 - 43)) + (1 - 9)?
11
Calculate (3 - (14 - 14) - -15) + -8 + 12.
22
What is 9 - (-22 - -4 - -12 - 0 - 7 - -79)?
-57
What is the value of 3 + (-18 - (-47 + 24) - (4 + -2 + -40))?
46
What is the value of -445 + 356 - (-11 - 3)?
-75
Calculate (32 - -18) + (-82 - -50).
18
What is the value of 55 + -25 + -57 + 7 + -21?
-41
What is -9 - -20 - 7 - ((1 - 4) + -5 + -13)?
25
What is the value of -2 - (-13 - (-11 + 3 + -84 - -5) - -12)?
-88
Calculate 40 + (4 - 5) + 33.
72
Calculate (43 - 43) + (-1 - 2) - (-30 - (16 - -5)).
48
What is the value of 76 - 71 - (-6 + (-2 - -2)) - 9?
2
Evaluate 0 + (60 - (-6 - 10 - -38)).
38
What is (-5 - (1 + (-5 - -4))) + 100 + -5 + 35?
125
Calculate 3 + (-4 - -3) + 132 + -117 + 3 + -9.
11
What is the value of (2 - -2) + (-33 - (119 + -109 + 2 + 0))?
-41
What is 42 + 94 + (-124 - -69)?
81
-116 + 107 + (69 + 2 - (12 + (-9 - 1)))
60
Calculate -9 - (-34 + (48 - 55) + 3).
29
Calculate 15 + -2 + 1 - (-106 - -111).
9
7 - ((-5 - 2 - 3) + 36 + 6)
-25
Evaluate 24 + (-11 + (88 - 67) - (0 + 23)).
11
What is the value of 6 + (-27 - (-6 + -32 + -87))?
104
Evaluate 9 + -3 + 6 - (80 - (-5 + 14)) - -1.
-58
What is the value of (-2 - -2 - -54) + -3 + 34 + -6 + -17?
62
What is -32 + (14 + 9 - 52)?
-61
-113 + (-13 - -66) + (9 - (24 - 5))
-70
What is (-49 - (94 - 85)) + 57?
-1
What is the value of -17 + (6 - -18) + -51 + 13?
-31
What is 32 + 36 + 13 + -77?
4
Evaluate (-36 - (-37 + 14 - -6)) + -68 + 7.
-80
2 + -4 + (44 - 64) + 22 - -33
33
What is -30 - 6 - (70 + -62)?
-44
What is the value of (20 + 1 - 12) + -16 + -15?
-22
What is the value of 11 + -6 + -7 + 13 + -44?
-33
Evaluate (-44 - (-20 - 28)) + (-1 - -1) - -13.
17
29 + -10 + (4 - 9) + -5
9
Evaluate 32 + (-48 - -111) - 137.
-42
What is the value of (1 - (-3 - 1) - (48 - 62)) + (-2 - 10)?
7
Evaluate -60 + 70 - (-52 - -28).
34
What is (-272 - -304) + (2 - 2)?
32
Calculate 8 + (-100 - -66 - -20).
-6
159 + 118 + -67 - 110
100
Calculate (-104 + -28 + 4 - -31) + -2.
-99
Evaluate (-167 - -2) + 11 + (43 - 12).
-123
Evaluate (-4 - -2) + -14 + (6 + -1 - (223 - 209)).
-25
Calculate -12 - (29 + -58) - (20 + 14).
-17
What is -4 + -10 + 19 + (0 - -4) + 1 + -19?
-9
Calculate (1 - 5) + -1 + 3 + -10 - (-105 - -115).
-22
What is the value of 2 + -11 + 6 + 25 + -25?
-3
What is the value of -6 + 2 + -306 + 320 - (-2 + 3 - 39)?
48
What is 0 + -11 + 8 + (5 - 6) + 10 + 35?
41
Calculate (2104 - 2086) + -108 + -2 + 1.
-91
What is -28 - (37 + -1 + -38)?
-26
(-9 - 2 - 0) + (37 - (16 + 17))
-7
What is the value of -1 - (14 - (6 - 35))?
-44
What is the value of 21 + -23 - -40 - (-36 - -11)?
63
What is -12 - (18 + (6 - 9) + -5 + 57)?
-79
Calculate -13 + -19 + 31 - (4 - (-2 + 45)).
38
Calculate -34 - (-39 - 52 - -20).
37
What is the value of 0 - (-62 + 1 + -2817 + 2859)?
19
Calculate 88 + (98 - 133) - -76.
129
Evaluate 27 + -16 + (25 - (11 - (-14 - -9))).
20
What is the value of 5 + (57 - 6) + -17 + -2 + 2?
39
Calculate -9 + -1 + (-348 + 347 - 47).
-58
Evaluate (-5 + -5 - (26 - 50)) + 17.
31
342 + (13 - 125) - 112
118
What is 11 + (6 - 23) + -7 - 2 - 37?
-52
What is -7 - ((2 - -25) + (-203 - -187) - (84 + 0))?
66
Calculate 157 + -96 + 46 - 233.
-126
Calculate (4 - (9 - -7 - 29)) + -57.
-40
-50 - (-35 - -9 - -38 - 9)
-53
What is the value of 15 + 10 + -12 + 6 + -5 + 2?
16
-62 - ((2 - 22) + (-119 - -139))
-62
-81 + (8 - (21 + -10 - 19))
-65
What is the value of -80 - (-128 - -24 - -107)?
-83
What is the value of 79 + 14 + (12 - (5 - -3)) + -1 + -2?
94
(20 - 68) + 2 + 24 - (4 + 16 + -5)
-37
-50756 + 50797 + (2 + -4 - 25)
14
44 - (25 - -14) - (1 + -11)
15
-8 - -18 - (21 - (8 + -73))
-76
What is the value of 1 + 1 + -18 + (38 - 24) - 1?
-3
-23 + (-101 - -47) + 81 + (2 - 49)
-43
Calculate 0 + -104 + 3259 + -3032.
123
What is (1 + -1 + 7 + (1 - 6) - -28) + 11?
41
What is 189 - 185 - ((9 - 1) + 4) - (1 + -48)?
39
-6 - (4 - 7) - (2 - (44 + (-3 - 11)))
25
Evaluate -1 + -92 + 57 - (-6 + 1).
-31
Calculate (20 - (1 + -1)) + -3 - (2473 + -2471).
15
What is the value of -29 + (-34 - -60) - (3 - 3 - -22)?
-25
27 + (7 - (67 + -23 + -18))
8
Evaluate 1 + 90 + -771 + 638.
-42
(1 - -10) + (-4 - -1) - ((-34 - 34) + 16)
60
(110 + 7 + -41 + 50 - (-9 + -1)) + 5
141
Calculate -10 - ((0 - (12 + -17)) + 27).
-42
Evaluate 1 - -10 - ((0 - -9) + (2 + -44 - 15)).
59
What is the value of (18 + (-22 - 7) - (-28 - -1)) + -14?
2
What is -132 - (-17 - 131 - 65)?
81
Evaluate (19 + 42 - 125) + 15.
-49
What is the value of -118 - -112 - -13 - (9 + 2)?
-4
What is (-21 - -51 - 13) + -18?
-1
Calculate (3 + -1 - -2 - -1) + -638 + 613.
-20
Calculate 14 + -57 + (-28 - -69).
-2
What is the value of (-1 - 14 - (111 + -128)) + 5?
7
What is the value of 54 + -48 + (-225 - -112)?
-107
What is the value of -81 + (-33 - -86) + -54?
-82
Evaluate 0 - (-1 - -10 - 0 - 19).
10
-12 + 4 + (-39 - (0 + -16 - -41 - 11))
-61
Calculate -13 - (-2 + ((18 - 18) + -2 - -16)).
-25
Evaluate -12 + -1 + (17 - -42 - 52) - -5.
-1
What is 24 + -73 + -27 - (-10 + 8)?
-74
33 - ((26 - (-45 - -41)) + 27)
-24
What is the value of -624 - -613 - (0 + 0 + 0) - 35?
-46
Evaluate -96 + -1 + 4 + 6 + (-2 - (-12 + -1)).
-76
What is -11 + (3 - -7) - -12 - -24 - (7 - 1)?
29
-115 + (-320 - -426) - (-67 - (2 - 0))
60
What is (-84 - 187) + 234 - (-8 - 1)?
-28
Evaluate (-16 - 77) + 43 - -108.
58
Evaluate -6 + -2 + 4 + (4 - 1) + (-144 - -151).
6
What is the value of (-1 - 84) + -21962 + 21937?
-110
-1 - (10 + -5) - (-18 + (41 - 6))
-23
Evaluate -476 - -322 - (-45 + 4 + 8).
-121
151 + -155 + 3 + -10 - 91
-102
(-121 - 1) + (46 - 34) + -17 + -13
-140
What is (-1 - -85) + (291 - 314)?
61
Calculate 7 - (35 + 28 + -33).
-23
Calculate 20 - ((-16 - -2) + -40 - -30).
44
What is 7 + (-25 - -13 - -35) + -2